{"id":4979,"date":"2023-09-05T15:58:11","date_gmt":"2023-09-05T15:58:11","guid":{"rendered":"https:\/\/nanda.si\/?post_type=product&#038;p=4979"},"modified":"2023-09-05T15:58:48","modified_gmt":"2023-09-05T15:58:48","slug":"bela-romanticna-vrecasta-obleka-je-sen","status":"publish","type":"product","link":"https:\/\/nanda.si\/sl\/izdelek\/bela-romanticna-vrecasta-obleka-je-sen\/","title":{"rendered":"Bela romanti\u010dna vre\u010dasta obleka Je Sen"},"content":{"rendered":"<h5>Bela romanti\u010dna vre\u010dasta obleka Je Sen je udobna unikatna elegantna midi obleka iz bomba\u017ene preve\u0161anke, Material je mehek in padajo\u010d, vendar dr\u017ei linijo. Potisk velikih cvetov ne\u017enih barv v odtenkih antiko roza in pudra daje akcent \u017eenstvenosti. Kroj je vre\u010dast ,vendar oprijet \u010dez oprsje, spodaj pa poo\u017ean z avantgardnim detajlom\u00a0 vogalov. Lepo pristaja tudi bolj polni postavi. Ovratnik je preprost, raven, v obliki ladjice. Ta netelirana je brez zadrge in komforten kroj omogo\u010da, da lahkotno zdrsnemo v njo. Zadaj je ravna. Priporo\u010deno je pranje in likanje do 40 stopinj Celzija.<\/h5>\n","protected":false},"excerpt":{"rendered":"<h5>\u00a0 Bela romanti\u010dna vre\u010dasta obleka Je Sen je domiselnega avantgardnega kroja in pristoji tako suhicam kot tudi polnim postavam. Ta udobna vre\u010dasta obleka re\u0161i stisko s \u010dasom in zagato kombiniranja harmoni\u010dnih kosov obla\u010dil, ter omogo\u010da hiter odhod v slu\u017ebo ali na sve\u010dano prireditev, odvisno od ostalih modnih dodatkov in obutve.<\/h5>\n","protected":false},"featured_media":4980,"comment_status":"open","ping_status":"closed","template":"","meta":[],"product_brand":[],"product_cat":[120,20],"product_tag":[],"class_list":["post-4979","product","type-product","status-publish","has-post-thumbnail","product_cat-originalna-oblacila","product_cat-uncategorized","first","instock","shipping-taxable","purchasable","product-type-simple"],"yoast_head":"<!-- This site is optimized with the Yoast SEO plugin v28.3 - https:\/\/yoast.com\/product\/yoast-seo-wordpress\/ -->\n<title>Bela romanti\u010dna vre\u010dasta obleka Je Sen | Ines Drole Nanda<\/title>\n<meta name=\"description\" content=\"Bela romanti\u010dna vre\u010dasta obleka Je Sen je domiselnega\u00a0avantgardnega kroja , potisk velikih cvetov v odtenkih pudra pa poudarja \u017eenstvenost.\" \/>\n<meta name=\"robots\" content=\"index, follow, max-snippet:-1, max-image-preview:large, max-video-preview:-1\" \/>\n<link rel=\"canonical\" href=\"https:\/\/nanda.si\/sl\/izdelek\/bela-romanticna-vrecasta-obleka-je-sen\/\" \/>\n<meta property=\"og:locale\" content=\"sl_SI\" \/>\n<meta property=\"og:type\" content=\"article\" \/>\n<meta property=\"og:title\" content=\"Bela romanti\u010dna vre\u010dasta obleka Je Sen | Ines Drole Nanda\" \/>\n<meta property=\"og:description\" content=\"Bela romanti\u010dna vre\u010dasta obleka Je Sen je domiselnega\u00a0avantgardnega kroja , potisk velikih cvetov v odtenkih pudra pa poudarja \u017eenstvenost.\" \/>\n<meta property=\"og:url\" content=\"https:\/\/nanda.si\/sl\/izdelek\/bela-romanticna-vrecasta-obleka-je-sen\/\" \/>\n<meta property=\"og:site_name\" content=\"Ines Drole Nanda\" \/>\n<meta property=\"article:modified_time\" content=\"2023-09-05T15:58:48+00:00\" \/>\n<meta property=\"og:image\" content=\"https:\/\/nanda.si\/wp-content\/uploads\/2023\/09\/Bela-romanticna-vrecasta-obleka-Jes-En-r-.jpg\" \/>\n\t<meta property=\"og:image:width\" content=\"404\" \/>\n\t<meta property=\"og:image:height\" content=\"566\" \/>\n\t<meta property=\"og:image:type\" content=\"image\/jpeg\" \/>\n<meta name=\"twitter:card\" content=\"summary_large_image\" \/>\n<meta name=\"twitter:label1\" content=\"Est. reading time\" \/>\n\t<meta name=\"twitter:data1\" content=\"1 minuta\" \/>\n<script type=\"application\/ld+json\" class=\"yoast-schema-graph\">{\"@context\":\"https:\\\/\\\/schema.org\",\"@graph\":[{\"@type\":\"WebPage\",\"@id\":\"https:\\\/\\\/nanda.si\\\/sl\\\/izdelek\\\/bela-romanticna-vrecasta-obleka-je-sen\\\/\",\"url\":\"https:\\\/\\\/nanda.si\\\/sl\\\/izdelek\\\/bela-romanticna-vrecasta-obleka-je-sen\\\/\",\"name\":\"Bela romanti\u010dna vre\u010dasta obleka Je Sen | Ines Drole Nanda\",\"isPartOf\":{\"@id\":\"https:\\\/\\\/nanda.si\\\/sl\\\/#website\"},\"primaryImageOfPage\":{\"@id\":\"https:\\\/\\\/nanda.si\\\/sl\\\/izdelek\\\/bela-romanticna-vrecasta-obleka-je-sen\\\/#primaryimage\"},\"image\":{\"@id\":\"https:\\\/\\\/nanda.si\\\/sl\\\/izdelek\\\/bela-romanticna-vrecasta-obleka-je-sen\\\/#primaryimage\"},\"thumbnailUrl\":\"https:\\\/\\\/nanda.si\\\/wp-content\\\/uploads\\\/2023\\\/09\\\/Bela-romanticna-vrecasta-obleka-Jes-En-r-.jpg\",\"datePublished\":\"2023-09-05T15:58:11+00:00\",\"dateModified\":\"2023-09-05T15:58:48+00:00\",\"description\":\"Bela romanti\u010dna vre\u010dasta obleka Je Sen je domiselnega\u00a0avantgardnega kroja , potisk velikih cvetov v odtenkih pudra pa poudarja \u017eenstvenost.\",\"breadcrumb\":{\"@id\":\"https:\\\/\\\/nanda.si\\\/sl\\\/izdelek\\\/bela-romanticna-vrecasta-obleka-je-sen\\\/#breadcrumb\"},\"inLanguage\":\"sl-SI\",\"potentialAction\":[{\"@type\":\"ReadAction\",\"target\":[\"https:\\\/\\\/nanda.si\\\/sl\\\/izdelek\\\/bela-romanticna-vrecasta-obleka-je-sen\\\/\"]}]},{\"@type\":\"ImageObject\",\"inLanguage\":\"sl-SI\",\"@id\":\"https:\\\/\\\/nanda.si\\\/sl\\\/izdelek\\\/bela-romanticna-vrecasta-obleka-je-sen\\\/#primaryimage\",\"url\":\"https:\\\/\\\/nanda.si\\\/wp-content\\\/uploads\\\/2023\\\/09\\\/Bela-romanticna-vrecasta-obleka-Jes-En-r-.jpg\",\"contentUrl\":\"https:\\\/\\\/nanda.si\\\/wp-content\\\/uploads\\\/2023\\\/09\\\/Bela-romanticna-vrecasta-obleka-Jes-En-r-.jpg\",\"width\":404,\"height\":566},{\"@type\":\"BreadcrumbList\",\"@id\":\"https:\\\/\\\/nanda.si\\\/sl\\\/izdelek\\\/bela-romanticna-vrecasta-obleka-je-sen\\\/#breadcrumb\",\"itemListElement\":[{\"@type\":\"ListItem\",\"position\":1,\"name\":\"Home\",\"item\":\"https:\\\/\\\/nanda.si\\\/sl\\\/\"},{\"@type\":\"ListItem\",\"position\":2,\"name\":\"Trgovina\",\"item\":\"https:\\\/\\\/nanda.si\\\/sl\\\/trgovina\\\/\"},{\"@type\":\"ListItem\",\"position\":3,\"name\":\"Bela romanti\u010dna vre\u010dasta obleka Je Sen\"}]},{\"@type\":\"WebSite\",\"@id\":\"https:\\\/\\\/nanda.si\\\/sl\\\/#website\",\"url\":\"https:\\\/\\\/nanda.si\\\/sl\\\/\",\"name\":\"Ines Drole Nanda\",\"description\":\"Umetelne tekstilne kreacije za edinstven interier in unikatna obla\u010dila.\",\"publisher\":{\"@id\":\"https:\\\/\\\/nanda.si\\\/sl\\\/#organization\"},\"potentialAction\":[{\"@type\":\"SearchAction\",\"target\":{\"@type\":\"EntryPoint\",\"urlTemplate\":\"https:\\\/\\\/nanda.si\\\/sl\\\/?s={search_term_string}\"},\"query-input\":{\"@type\":\"PropertyValueSpecification\",\"valueRequired\":true,\"valueName\":\"search_term_string\"}}],\"inLanguage\":\"sl-SI\"},{\"@type\":\"Organization\",\"@id\":\"https:\\\/\\\/nanda.si\\\/sl\\\/#organization\",\"name\":\"Ines Drole NANDA\",\"url\":\"https:\\\/\\\/nanda.si\\\/sl\\\/\",\"logo\":{\"@type\":\"ImageObject\",\"inLanguage\":\"sl-SI\",\"@id\":\"https:\\\/\\\/nanda.si\\\/sl\\\/#\\\/schema\\\/logo\\\/image\\\/\",\"url\":\"https:\\\/\\\/nanda.si\\\/wp-content\\\/uploads\\\/2022\\\/07\\\/logoNANDA-oval_Res.jpg\",\"contentUrl\":\"https:\\\/\\\/nanda.si\\\/wp-content\\\/uploads\\\/2022\\\/07\\\/logoNANDA-oval_Res.jpg\",\"width\":600,\"height\":600,\"caption\":\"Ines Drole NANDA\"},\"image\":{\"@id\":\"https:\\\/\\\/nanda.si\\\/sl\\\/#\\\/schema\\\/logo\\\/image\\\/\"}}]}<\/script>\n<!-- \/ Yoast SEO plugin. -->","yoast_head_json":{"title":"Bela romanti\u010dna vre\u010dasta obleka Je Sen | Ines Drole Nanda","description":"Bela romanti\u010dna vre\u010dasta obleka Je Sen je domiselnega\u00a0avantgardnega kroja , potisk velikih cvetov v odtenkih pudra pa poudarja \u017eenstvenost.","robots":{"index":"index","follow":"follow","max-snippet":"max-snippet:-1","max-image-preview":"max-image-preview:large","max-video-preview":"max-video-preview:-1"},"canonical":"https:\/\/nanda.si\/sl\/izdelek\/bela-romanticna-vrecasta-obleka-je-sen\/","og_locale":"sl_SI","og_type":"article","og_title":"Bela romanti\u010dna vre\u010dasta obleka Je Sen | Ines Drole Nanda","og_description":"Bela romanti\u010dna vre\u010dasta obleka Je Sen je domiselnega\u00a0avantgardnega kroja , potisk velikih cvetov v odtenkih pudra pa poudarja \u017eenstvenost.","og_url":"https:\/\/nanda.si\/sl\/izdelek\/bela-romanticna-vrecasta-obleka-je-sen\/","og_site_name":"Ines Drole Nanda","article_modified_time":"2023-09-05T15:58:48+00:00","og_image":[{"width":404,"height":566,"url":"https:\/\/nanda.si\/wp-content\/uploads\/2023\/09\/Bela-romanticna-vrecasta-obleka-Jes-En-r-.jpg","type":"image\/jpeg"}],"twitter_card":"summary_large_image","twitter_misc":{"Est. reading time":"1 minuta"},"schema":{"@context":"https:\/\/schema.org","@graph":[{"@type":"WebPage","@id":"https:\/\/nanda.si\/sl\/izdelek\/bela-romanticna-vrecasta-obleka-je-sen\/","url":"https:\/\/nanda.si\/sl\/izdelek\/bela-romanticna-vrecasta-obleka-je-sen\/","name":"Bela romanti\u010dna vre\u010dasta obleka Je Sen | Ines Drole Nanda","isPartOf":{"@id":"https:\/\/nanda.si\/sl\/#website"},"primaryImageOfPage":{"@id":"https:\/\/nanda.si\/sl\/izdelek\/bela-romanticna-vrecasta-obleka-je-sen\/#primaryimage"},"image":{"@id":"https:\/\/nanda.si\/sl\/izdelek\/bela-romanticna-vrecasta-obleka-je-sen\/#primaryimage"},"thumbnailUrl":"https:\/\/nanda.si\/wp-content\/uploads\/2023\/09\/Bela-romanticna-vrecasta-obleka-Jes-En-r-.jpg","datePublished":"2023-09-05T15:58:11+00:00","dateModified":"2023-09-05T15:58:48+00:00","description":"Bela romanti\u010dna vre\u010dasta obleka Je Sen je domiselnega\u00a0avantgardnega kroja , potisk velikih cvetov v odtenkih pudra pa poudarja \u017eenstvenost.","breadcrumb":{"@id":"https:\/\/nanda.si\/sl\/izdelek\/bela-romanticna-vrecasta-obleka-je-sen\/#breadcrumb"},"inLanguage":"sl-SI","potentialAction":[{"@type":"ReadAction","target":["https:\/\/nanda.si\/sl\/izdelek\/bela-romanticna-vrecasta-obleka-je-sen\/"]}]},{"@type":"ImageObject","inLanguage":"sl-SI","@id":"https:\/\/nanda.si\/sl\/izdelek\/bela-romanticna-vrecasta-obleka-je-sen\/#primaryimage","url":"https:\/\/nanda.si\/wp-content\/uploads\/2023\/09\/Bela-romanticna-vrecasta-obleka-Jes-En-r-.jpg","contentUrl":"https:\/\/nanda.si\/wp-content\/uploads\/2023\/09\/Bela-romanticna-vrecasta-obleka-Jes-En-r-.jpg","width":404,"height":566},{"@type":"BreadcrumbList","@id":"https:\/\/nanda.si\/sl\/izdelek\/bela-romanticna-vrecasta-obleka-je-sen\/#breadcrumb","itemListElement":[{"@type":"ListItem","position":1,"name":"Home","item":"https:\/\/nanda.si\/sl\/"},{"@type":"ListItem","position":2,"name":"Trgovina","item":"https:\/\/nanda.si\/sl\/trgovina\/"},{"@type":"ListItem","position":3,"name":"Bela romanti\u010dna vre\u010dasta obleka Je Sen"}]},{"@type":"WebSite","@id":"https:\/\/nanda.si\/sl\/#website","url":"https:\/\/nanda.si\/sl\/","name":"Ines Drole Nanda","description":"Umetelne tekstilne kreacije za edinstven interier in unikatna obla\u010dila.","publisher":{"@id":"https:\/\/nanda.si\/sl\/#organization"},"potentialAction":[{"@type":"SearchAction","target":{"@type":"EntryPoint","urlTemplate":"https:\/\/nanda.si\/sl\/?s={search_term_string}"},"query-input":{"@type":"PropertyValueSpecification","valueRequired":true,"valueName":"search_term_string"}}],"inLanguage":"sl-SI"},{"@type":"Organization","@id":"https:\/\/nanda.si\/sl\/#organization","name":"Ines Drole NANDA","url":"https:\/\/nanda.si\/sl\/","logo":{"@type":"ImageObject","inLanguage":"sl-SI","@id":"https:\/\/nanda.si\/sl\/#\/schema\/logo\/image\/","url":"https:\/\/nanda.si\/wp-content\/uploads\/2022\/07\/logoNANDA-oval_Res.jpg","contentUrl":"https:\/\/nanda.si\/wp-content\/uploads\/2022\/07\/logoNANDA-oval_Res.jpg","width":600,"height":600,"caption":"Ines Drole NANDA"},"image":{"@id":"https:\/\/nanda.si\/sl\/#\/schema\/logo\/image\/"}}]}},"_links":{"self":[{"href":"https:\/\/nanda.si\/sl\/wp-json\/wp\/v2\/product\/4979","targetHints":{"allow":["GET"]}}],"collection":[{"href":"https:\/\/nanda.si\/sl\/wp-json\/wp\/v2\/product"}],"about":[{"href":"https:\/\/nanda.si\/sl\/wp-json\/wp\/v2\/types\/product"}],"replies":[{"embeddable":true,"href":"https:\/\/nanda.si\/sl\/wp-json\/wp\/v2\/comments?post=4979"}],"wp:featuredmedia":[{"embeddable":true,"href":"https:\/\/nanda.si\/sl\/wp-json\/wp\/v2\/media\/4980"}],"wp:attachment":[{"href":"https:\/\/nanda.si\/sl\/wp-json\/wp\/v2\/media?parent=4979"}],"wp:term":[{"taxonomy":"product_brand","embeddable":true,"href":"https:\/\/nanda.si\/sl\/wp-json\/wp\/v2\/product_brand?post=4979"},{"taxonomy":"product_cat","embeddable":true,"href":"https:\/\/nanda.si\/sl\/wp-json\/wp\/v2\/product_cat?post=4979"},{"taxonomy":"product_tag","embeddable":true,"href":"https:\/\/nanda.si\/sl\/wp-json\/wp\/v2\/product_tag?post=4979"}],"curies":[{"name":"wp","href":"https:\/\/api.w.org\/{rel}","templated":true}]}}

Bela romantična vrečasta obleka Je Sen

<h5>Bela romantična vrečasta obleka Je Sen je udobna unikatna elegantna midi obleka iz bombažne prevešanke, Material je mehek in padajoč, vendar drži linijo. Potisk velikih cvetov nežnih barv v odtenkih antiko roza in pudra daje akcent ženstvenosti. Kroj je vrečast ,vendar oprijet čez oprsje, spodaj pa poožan z avantgardnim detajlom  vogalov. Lepo pristaja tudi bolj polni postavi. Ovratnik je preprost, raven, v obliki ladjice. Ta netelirana je brez zadrge in komforten kroj omogoča, da lahkotno zdrsnemo v njo. Zadaj je ravna. Priporočeno je pranje in likanje do 40 stopinj Celzija.</h5>

<h5>  Bela romantična vrečasta obleka Je Sen je domiselnega avantgardnega kroja in pristoji tako suhicam kot tudi polnim postavam. Ta udobna vrečasta obleka reši stisko s časom in zagato kombiniranja harmoničnih kosov oblačil, ter omogoča hiter odhod v službo ali na svečano prireditev, odvisno od ostalih modnih dodatkov in obutve.</h5>

<!-- This site is optimized with the Yoast SEO plugin v28.3 - https://yoast.com/product/yoast-seo-wordpress/ -->
<title>Bela romantična vrečasta obleka Je Sen | Ines Drole Nanda</title>
<meta name="description" content="Bela romantična vrečasta obleka Je Sen je domiselnega avantgardnega kroja , potisk velikih cvetov v odtenkih pudra pa poudarja ženstvenost." />
<meta name="robots" content="index, follow, max-snippet:-1, max-image-preview:large, max-video-preview:-1" />
<link rel="canonical" href="https://nanda.si/sl/izdelek/bela-romanticna-vrecasta-obleka-je-sen/" />
<meta property="og:locale" content="sl_SI" />
<meta property="og:type" content="article" />
<meta property="og:title" content="Bela romantična vrečasta obleka Je Sen | Ines Drole Nanda" />
<meta property="og:description" content="Bela romantična vrečasta obleka Je Sen je domiselnega avantgardnega kroja , potisk velikih cvetov v odtenkih pudra pa poudarja ženstvenost." />
<meta property="og:url" content="https://nanda.si/sl/izdelek/bela-romanticna-vrecasta-obleka-je-sen/" />
<meta property="og:site_name" content="Ines Drole Nanda" />
<meta property="article:modified_time" content="2023-09-05T15:58:48+00:00" />
<meta property="og:image" content="https://nanda.si/wp-content/uploads/2023/09/Bela-romanticna-vrecasta-obleka-Jes-En-r-.jpg" />
	<meta property="og:image:width" content="404" />
	<meta property="og:image:height" content="566" />
	<meta property="og:image:type" content="image/jpeg" />
<meta name="twitter:card" content="summary_large_image" />
<meta name="twitter:label1" content="Est. reading time" />
	<meta name="twitter:data1" content="1 minuta" />
<script type="application/ld+json" class="yoast-schema-graph">{"@context":"https:\/\/schema.org","@graph":[{"@type":"WebPage","@id":"https:\/\/nanda.si\/sl\/izdelek\/bela-romanticna-vrecasta-obleka-je-sen\/","url":"https:\/\/nanda.si\/sl\/izdelek\/bela-romanticna-vrecasta-obleka-je-sen\/","name":"Bela romantična vrečasta obleka Je Sen | Ines Drole Nanda","isPartOf":{"@id":"https:\/\/nanda.si\/sl\/#website"},"primaryImageOfPage":{"@id":"https:\/\/nanda.si\/sl\/izdelek\/bela-romanticna-vrecasta-obleka-je-sen\/#primaryimage"},"image":{"@id":"https:\/\/nanda.si\/sl\/izdelek\/bela-romanticna-vrecasta-obleka-je-sen\/#primaryimage"},"thumbnailUrl":"https:\/\/nanda.si\/wp-content\/uploads\/2023\/09\/Bela-romanticna-vrecasta-obleka-Jes-En-r-.jpg","datePublished":"2023-09-05T15:58:11+00:00","dateModified":"2023-09-05T15:58:48+00:00","description":"Bela romantična vrečasta obleka Je Sen je domiselnega avantgardnega kroja , potisk velikih cvetov v odtenkih pudra pa poudarja ženstvenost.","breadcrumb":{"@id":"https:\/\/nanda.si\/sl\/izdelek\/bela-romanticna-vrecasta-obleka-je-sen\/#breadcrumb"},"inLanguage":"sl-SI","potentialAction":[{"@type":"ReadAction","target":["https:\/\/nanda.si\/sl\/izdelek\/bela-romanticna-vrecasta-obleka-je-sen\/"]}]},{"@type":"ImageObject","inLanguage":"sl-SI","@id":"https:\/\/nanda.si\/sl\/izdelek\/bela-romanticna-vrecasta-obleka-je-sen\/#primaryimage","url":"https:\/\/nanda.si\/wp-content\/uploads\/2023\/09\/Bela-romanticna-vrecasta-obleka-Jes-En-r-.jpg","contentUrl":"https:\/\/nanda.si\/wp-content\/uploads\/2023\/09\/Bela-romanticna-vrecasta-obleka-Jes-En-r-.jpg","width":404,"height":566},{"@type":"BreadcrumbList","@id":"https:\/\/nanda.si\/sl\/izdelek\/bela-romanticna-vrecasta-obleka-je-sen\/#breadcrumb","itemListElement":[{"@type":"ListItem","position":1,"name":"Home","item":"https:\/\/nanda.si\/sl\/"},{"@type":"ListItem","position":2,"name":"Trgovina","item":"https:\/\/nanda.si\/sl\/trgovina\/"},{"@type":"ListItem","position":3,"name":"Bela romantična vrečasta obleka Je Sen"}]},{"@type":"WebSite","@id":"https:\/\/nanda.si\/sl\/#website","url":"https:\/\/nanda.si\/sl\/","name":"Ines Drole Nanda","description":"Umetelne tekstilne kreacije za edinstven interier in unikatna oblačila.","publisher":{"@id":"https:\/\/nanda.si\/sl\/#organization"},"potentialAction":[{"@type":"SearchAction","target":{"@type":"EntryPoint","urlTemplate":"https:\/\/nanda.si\/sl\/?s={search_term_string}"},"query-input":{"@type":"PropertyValueSpecification","valueRequired":true,"valueName":"search_term_string"}}],"inLanguage":"sl-SI"},{"@type":"Organization","@id":"https:\/\/nanda.si\/sl\/#organization","name":"Ines Drole NANDA","url":"https:\/\/nanda.si\/sl\/","logo":{"@type":"ImageObject","inLanguage":"sl-SI","@id":"https:\/\/nanda.si\/sl\/#\/schema\/logo\/image\/","url":"https:\/\/nanda.si\/wp-content\/uploads\/2022\/07\/logoNANDA-oval_Res.jpg","contentUrl":"https:\/\/nanda.si\/wp-content\/uploads\/2022\/07\/logoNANDA-oval_Res.jpg","width":600,"height":600,"caption":"Ines Drole NANDA"},"image":{"@id":"https:\/\/nanda.si\/sl\/#\/schema\/logo\/image\/"}}]}</script>
<!-- / Yoast SEO plugin. -->

Bela romantična vrečasta obleka Je Sen | Ines Drole Nanda

Bela romantična vrečasta obleka Je Sen je domiselnega avantgardnega kroja , potisk velikih cvetov v odtenkih pudra pa poudarja ženstvenost.

Umetelne tekstilne kreacije za edinstven interier in unikatna oblačila.
