{"id":6641,"date":"2022-08-15T19:09:04","date_gmt":"2022-08-15T19:09:04","guid":{"rendered":"https:\/\/nanda.si\/product\/top-senza-maniche-firmato-nero\/"},"modified":"2022-08-15T19:09:04","modified_gmt":"2022-08-15T19:09:04","slug":"top-senza-maniche-firmato-nero","status":"publish","type":"product","link":"https:\/\/nanda.si\/it\/prodotto\/top-senza-maniche-firmato-nero\/","title":{"rendered":"Top senza maniche firmato Nero"},"content":{"rendered":"<h5><span style=\"color: #543838;\">I capi unici di NANDA per tutti i giorni creano un look e creano uno stato d&#8217;animo di gioia. Si tratta di abiti dal design originale, realizzati con materiali di qualit\u00e0 che offrono comfort e fascino estetico. Storie di tessuti.<\/span><\/h5>\n","protected":false},"excerpt":{"rendered":"<h5><span style=\"color: #ad7a6c;\">Quando una maglietta sottile non \u00e8 sufficiente e un maglione pi\u00f9 spesso \u00e8 eccessivo, un esclusivo top smanicato di lana pi\u00f9 corto \u00e8 la scelta giusta.<\/span><\/h5>\n<p><span style=\"color: #9c7365;\">Questa calda giacca senza maniche di design in tessuto di lana nero \u00e8 un&#8217;aggiunta versatile al tuo guardaroba invernale e ti permette di stratificare i tuoi outfit. Riscalda soprattutto la parte superiore del corpo e le spalle. Il morbido tessuto di lana con un ornamento senza tempo fatto a mano \u00e8 piacevole al tatto e ha una linea semi-rigida. Questo modello ravviva un abito lungo o un completo aderente di maglietta e pantaloni sottili. La chiusura sul retro pu\u00f2 essere spostata anche sul davanti, pu\u00f2 essere chiusa sul davanti o sul retro. Lavare in lavatrice con programma manuale per lana senza centrifuga o a mano, stirare all&#8217;interno fino a 30 *C.     <\/span><\/p>\n<p>&nbsp;<\/p>\n<p>&nbsp;<\/p>\n","protected":false},"featured_media":6642,"comment_status":"closed","ping_status":"closed","template":"","meta":[],"product_brand":[],"product_cat":[283],"product_tag":[],"class_list":["post-6641","product","type-product","status-publish","has-post-thumbnail","product_cat-abbigliamento-originale","first","instock","shipping-taxable","purchasable","product-type-simple"],"yoast_head":"<!-- This site is optimized with the Yoast SEO plugin v28.3 - https:\/\/yoast.com\/product\/yoast-seo-wordpress\/ -->\n<title>Top senza maniche firmato Nero | Ines Drole Nanda<\/title>\n<meta name=\"description\" content=\"Questa calda giacca senza maniche di design in tessuto di lana nero \u00e8 un&#039;aggiunta alla moda al tuo guardaroba invernale e protegge dal freddo soprattutto la parte superiore del corpo e le spalle.\" \/>\n<meta name=\"robots\" content=\"index, follow, max-snippet:-1, max-image-preview:large, max-video-preview:-1\" \/>\n<link rel=\"canonical\" href=\"https:\/\/nanda.si\/it\/prodotto\/top-senza-maniche-firmato-nero\/\" \/>\n<meta property=\"og:locale\" content=\"it_IT\" \/>\n<meta property=\"og:type\" content=\"article\" \/>\n<meta property=\"og:title\" content=\"Top senza maniche firmato Nero | Ines Drole Nanda\" \/>\n<meta property=\"og:description\" content=\"Questa calda giacca senza maniche di design in tessuto di lana nero \u00e8 un&#039;aggiunta alla moda al tuo guardaroba invernale e protegge dal freddo soprattutto la parte superiore del corpo e le spalle.\" \/>\n<meta property=\"og:url\" content=\"https:\/\/nanda.si\/it\/prodotto\/top-senza-maniche-firmato-nero\/\" \/>\n<meta property=\"og:site_name\" content=\"Ines Drole Nanda\" \/>\n<meta property=\"og:image\" content=\"https:\/\/nanda.si\/wp-content\/uploads\/2022\/08\/22.dizajnerski-top-brezrokavnik-Crna.jpg\" \/>\n\t<meta property=\"og:image:width\" content=\"600\" \/>\n\t<meta property=\"og:image:height\" content=\"586\" \/>\n\t<meta property=\"og:image:type\" content=\"image\/jpeg\" \/>\n<meta name=\"twitter:card\" content=\"summary_large_image\" \/>\n<script type=\"application\/ld+json\" class=\"yoast-schema-graph\">{\"@context\":\"https:\\\/\\\/schema.org\",\"@graph\":[{\"@type\":\"WebPage\",\"@id\":\"https:\\\/\\\/nanda.si\\\/it\\\/prodotto\\\/top-senza-maniche-firmato-nero\\\/\",\"url\":\"https:\\\/\\\/nanda.si\\\/it\\\/prodotto\\\/top-senza-maniche-firmato-nero\\\/\",\"name\":\"Top senza maniche firmato Nero | Ines Drole Nanda\",\"isPartOf\":{\"@id\":\"https:\\\/\\\/nanda.si\\\/it\\\/#website\"},\"primaryImageOfPage\":{\"@id\":\"https:\\\/\\\/nanda.si\\\/it\\\/prodotto\\\/top-senza-maniche-firmato-nero\\\/#primaryimage\"},\"image\":{\"@id\":\"https:\\\/\\\/nanda.si\\\/it\\\/prodotto\\\/top-senza-maniche-firmato-nero\\\/#primaryimage\"},\"thumbnailUrl\":\"https:\\\/\\\/nanda.si\\\/wp-content\\\/uploads\\\/2022\\\/08\\\/22.dizajnerski-top-brezrokavnik-Crna.jpg\",\"datePublished\":\"2022-08-15T19:09:04+00:00\",\"description\":\"Questa calda giacca senza maniche di design in tessuto di lana nero \u00e8 un'aggiunta alla moda al tuo guardaroba invernale e protegge dal freddo soprattutto la parte superiore del corpo e le spalle.\",\"breadcrumb\":{\"@id\":\"https:\\\/\\\/nanda.si\\\/it\\\/prodotto\\\/top-senza-maniche-firmato-nero\\\/#breadcrumb\"},\"inLanguage\":\"it-IT\",\"potentialAction\":[{\"@type\":\"ReadAction\",\"target\":[\"https:\\\/\\\/nanda.si\\\/it\\\/prodotto\\\/top-senza-maniche-firmato-nero\\\/\"]}]},{\"@type\":\"ImageObject\",\"inLanguage\":\"it-IT\",\"@id\":\"https:\\\/\\\/nanda.si\\\/it\\\/prodotto\\\/top-senza-maniche-firmato-nero\\\/#primaryimage\",\"url\":\"https:\\\/\\\/nanda.si\\\/wp-content\\\/uploads\\\/2022\\\/08\\\/22.dizajnerski-top-brezrokavnik-Crna.jpg\",\"contentUrl\":\"https:\\\/\\\/nanda.si\\\/wp-content\\\/uploads\\\/2022\\\/08\\\/22.dizajnerski-top-brezrokavnik-Crna.jpg\",\"width\":600,\"height\":586},{\"@type\":\"BreadcrumbList\",\"@id\":\"https:\\\/\\\/nanda.si\\\/it\\\/prodotto\\\/top-senza-maniche-firmato-nero\\\/#breadcrumb\",\"itemListElement\":[{\"@type\":\"ListItem\",\"position\":1,\"name\":\"Home\",\"item\":\"https:\\\/\\\/nanda.si\\\/it\\\/casa\\\/\"},{\"@type\":\"ListItem\",\"position\":2,\"name\":\"Trgovina\",\"item\":\"https:\\\/\\\/nanda.si\\\/sl\\\/trgovina\\\/\"},{\"@type\":\"ListItem\",\"position\":3,\"name\":\"Top senza maniche firmato Nero\"}]},{\"@type\":\"WebSite\",\"@id\":\"https:\\\/\\\/nanda.si\\\/it\\\/#website\",\"url\":\"https:\\\/\\\/nanda.si\\\/it\\\/\",\"name\":\"Ines Drole Nanda\",\"description\":\"Umetelne tekstilne kreacije za edinstven dom in unikatna obla\u010dila.\",\"publisher\":{\"@id\":\"https:\\\/\\\/nanda.si\\\/it\\\/#organization\"},\"potentialAction\":[{\"@type\":\"SearchAction\",\"target\":{\"@type\":\"EntryPoint\",\"urlTemplate\":\"https:\\\/\\\/nanda.si\\\/it\\\/?s={search_term_string}\"},\"query-input\":{\"@type\":\"PropertyValueSpecification\",\"valueRequired\":true,\"valueName\":\"search_term_string\"}}],\"inLanguage\":\"it-IT\"},{\"@type\":\"Organization\",\"@id\":\"https:\\\/\\\/nanda.si\\\/it\\\/#organization\",\"name\":\"Ines Drole NANDA\",\"url\":\"https:\\\/\\\/nanda.si\\\/it\\\/\",\"logo\":{\"@type\":\"ImageObject\",\"inLanguage\":\"it-IT\",\"@id\":\"https:\\\/\\\/nanda.si\\\/it\\\/#\\\/schema\\\/logo\\\/image\\\/\",\"url\":\"https:\\\/\\\/nanda.si\\\/wp-content\\\/uploads\\\/2022\\\/07\\\/logoNANDA-oval_Res.jpg\",\"contentUrl\":\"https:\\\/\\\/nanda.si\\\/wp-content\\\/uploads\\\/2022\\\/07\\\/logoNANDA-oval_Res.jpg\",\"width\":600,\"height\":600,\"caption\":\"Ines Drole NANDA\"},\"image\":{\"@id\":\"https:\\\/\\\/nanda.si\\\/it\\\/#\\\/schema\\\/logo\\\/image\\\/\"}}]}<\/script>\n<!-- \/ Yoast SEO plugin. -->","yoast_head_json":{"title":"Top senza maniche firmato Nero | Ines Drole Nanda","description":"Questa calda giacca senza maniche di design in tessuto di lana nero \u00e8 un'aggiunta alla moda al tuo guardaroba invernale e protegge dal freddo soprattutto la parte superiore del corpo e le spalle.","robots":{"index":"index","follow":"follow","max-snippet":"max-snippet:-1","max-image-preview":"max-image-preview:large","max-video-preview":"max-video-preview:-1"},"canonical":"https:\/\/nanda.si\/it\/prodotto\/top-senza-maniche-firmato-nero\/","og_locale":"it_IT","og_type":"article","og_title":"Top senza maniche firmato Nero | Ines Drole Nanda","og_description":"Questa calda giacca senza maniche di design in tessuto di lana nero \u00e8 un'aggiunta alla moda al tuo guardaroba invernale e protegge dal freddo soprattutto la parte superiore del corpo e le spalle.","og_url":"https:\/\/nanda.si\/it\/prodotto\/top-senza-maniche-firmato-nero\/","og_site_name":"Ines Drole Nanda","og_image":[{"width":600,"height":586,"url":"https:\/\/nanda.si\/wp-content\/uploads\/2022\/08\/22.dizajnerski-top-brezrokavnik-Crna.jpg","type":"image\/jpeg"}],"twitter_card":"summary_large_image","schema":{"@context":"https:\/\/schema.org","@graph":[{"@type":"WebPage","@id":"https:\/\/nanda.si\/it\/prodotto\/top-senza-maniche-firmato-nero\/","url":"https:\/\/nanda.si\/it\/prodotto\/top-senza-maniche-firmato-nero\/","name":"Top senza maniche firmato Nero | Ines Drole Nanda","isPartOf":{"@id":"https:\/\/nanda.si\/it\/#website"},"primaryImageOfPage":{"@id":"https:\/\/nanda.si\/it\/prodotto\/top-senza-maniche-firmato-nero\/#primaryimage"},"image":{"@id":"https:\/\/nanda.si\/it\/prodotto\/top-senza-maniche-firmato-nero\/#primaryimage"},"thumbnailUrl":"https:\/\/nanda.si\/wp-content\/uploads\/2022\/08\/22.dizajnerski-top-brezrokavnik-Crna.jpg","datePublished":"2022-08-15T19:09:04+00:00","description":"Questa calda giacca senza maniche di design in tessuto di lana nero \u00e8 un'aggiunta alla moda al tuo guardaroba invernale e protegge dal freddo soprattutto la parte superiore del corpo e le spalle.","breadcrumb":{"@id":"https:\/\/nanda.si\/it\/prodotto\/top-senza-maniche-firmato-nero\/#breadcrumb"},"inLanguage":"it-IT","potentialAction":[{"@type":"ReadAction","target":["https:\/\/nanda.si\/it\/prodotto\/top-senza-maniche-firmato-nero\/"]}]},{"@type":"ImageObject","inLanguage":"it-IT","@id":"https:\/\/nanda.si\/it\/prodotto\/top-senza-maniche-firmato-nero\/#primaryimage","url":"https:\/\/nanda.si\/wp-content\/uploads\/2022\/08\/22.dizajnerski-top-brezrokavnik-Crna.jpg","contentUrl":"https:\/\/nanda.si\/wp-content\/uploads\/2022\/08\/22.dizajnerski-top-brezrokavnik-Crna.jpg","width":600,"height":586},{"@type":"BreadcrumbList","@id":"https:\/\/nanda.si\/it\/prodotto\/top-senza-maniche-firmato-nero\/#breadcrumb","itemListElement":[{"@type":"ListItem","position":1,"name":"Home","item":"https:\/\/nanda.si\/it\/casa\/"},{"@type":"ListItem","position":2,"name":"Trgovina","item":"https:\/\/nanda.si\/sl\/trgovina\/"},{"@type":"ListItem","position":3,"name":"Top senza maniche firmato Nero"}]},{"@type":"WebSite","@id":"https:\/\/nanda.si\/it\/#website","url":"https:\/\/nanda.si\/it\/","name":"Ines Drole Nanda","description":"Umetelne tekstilne kreacije za edinstven dom in unikatna obla\u010dila.","publisher":{"@id":"https:\/\/nanda.si\/it\/#organization"},"potentialAction":[{"@type":"SearchAction","target":{"@type":"EntryPoint","urlTemplate":"https:\/\/nanda.si\/it\/?s={search_term_string}"},"query-input":{"@type":"PropertyValueSpecification","valueRequired":true,"valueName":"search_term_string"}}],"inLanguage":"it-IT"},{"@type":"Organization","@id":"https:\/\/nanda.si\/it\/#organization","name":"Ines Drole NANDA","url":"https:\/\/nanda.si\/it\/","logo":{"@type":"ImageObject","inLanguage":"it-IT","@id":"https:\/\/nanda.si\/it\/#\/schema\/logo\/image\/","url":"https:\/\/nanda.si\/wp-content\/uploads\/2022\/07\/logoNANDA-oval_Res.jpg","contentUrl":"https:\/\/nanda.si\/wp-content\/uploads\/2022\/07\/logoNANDA-oval_Res.jpg","width":600,"height":600,"caption":"Ines Drole NANDA"},"image":{"@id":"https:\/\/nanda.si\/it\/#\/schema\/logo\/image\/"}}]}},"_links":{"self":[{"href":"https:\/\/nanda.si\/it\/wp-json\/wp\/v2\/product\/6641","targetHints":{"allow":["GET"]}}],"collection":[{"href":"https:\/\/nanda.si\/it\/wp-json\/wp\/v2\/product"}],"about":[{"href":"https:\/\/nanda.si\/it\/wp-json\/wp\/v2\/types\/product"}],"replies":[{"embeddable":true,"href":"https:\/\/nanda.si\/it\/wp-json\/wp\/v2\/comments?post=6641"}],"wp:featuredmedia":[{"embeddable":true,"href":"https:\/\/nanda.si\/it\/wp-json\/wp\/v2\/media\/6642"}],"wp:attachment":[{"href":"https:\/\/nanda.si\/it\/wp-json\/wp\/v2\/media?parent=6641"}],"wp:term":[{"taxonomy":"product_brand","embeddable":true,"href":"https:\/\/nanda.si\/it\/wp-json\/wp\/v2\/product_brand?post=6641"},{"taxonomy":"product_cat","embeddable":true,"href":"https:\/\/nanda.si\/it\/wp-json\/wp\/v2\/product_cat?post=6641"},{"taxonomy":"product_tag","embeddable":true,"href":"https:\/\/nanda.si\/it\/wp-json\/wp\/v2\/product_tag?post=6641"}],"curies":[{"name":"wp","href":"https:\/\/api.w.org\/{rel}","templated":true}]}}

<h5><span style="color: #543838;">I capi unici di NANDA per tutti i giorni creano un look e creano uno stato d&#8217;animo di gioia. Si tratta di abiti dal design originale, realizzati con materiali di qualità che offrono comfort e fascino estetico. Storie di tessuti.</span></h5>

<h5><span style="color: #ad7a6c;">Quando una maglietta sottile non è sufficiente e un maglione più spesso è eccessivo, un esclusivo top smanicato di lana più corto è la scelta giusta.</span></h5>
<p><span style="color: #9c7365;">Questa calda giacca senza maniche di design in tessuto di lana nero è un&#8217;aggiunta versatile al tuo guardaroba invernale e ti permette di stratificare i tuoi outfit. Riscalda soprattutto la parte superiore del corpo e le spalle. Il morbido tessuto di lana con un ornamento senza tempo fatto a mano è piacevole al tatto e ha una linea semi-rigida. Questo modello ravviva un abito lungo o un completo aderente di maglietta e pantaloni sottili. La chiusura sul retro può essere spostata anche sul davanti, può essere chiusa sul davanti o sul retro. Lavare in lavatrice con programma manuale per lana senza centrifuga o a mano, stirare all&#8217;interno fino a 30 *C.     </span></p>
<p>&nbsp;</p>
<p>&nbsp;</p>

<!-- This site is optimized with the Yoast SEO plugin v28.3 - https://yoast.com/product/yoast-seo-wordpress/ -->
<title>Top senza maniche firmato Nero | Ines Drole Nanda</title>
<meta name="description" content="Questa calda giacca senza maniche di design in tessuto di lana nero è un&#039;aggiunta alla moda al tuo guardaroba invernale e protegge dal freddo soprattutto la parte superiore del corpo e le spalle." />
<meta name="robots" content="index, follow, max-snippet:-1, max-image-preview:large, max-video-preview:-1" />
<link rel="canonical" href="https://nanda.si/it/prodotto/top-senza-maniche-firmato-nero/" />
<meta property="og:locale" content="it_IT" />
<meta property="og:type" content="article" />
<meta property="og:title" content="Top senza maniche firmato Nero | Ines Drole Nanda" />
<meta property="og:description" content="Questa calda giacca senza maniche di design in tessuto di lana nero è un&#039;aggiunta alla moda al tuo guardaroba invernale e protegge dal freddo soprattutto la parte superiore del corpo e le spalle." />
<meta property="og:url" content="https://nanda.si/it/prodotto/top-senza-maniche-firmato-nero/" />
<meta property="og:site_name" content="Ines Drole Nanda" />
<meta property="og:image" content="https://nanda.si/wp-content/uploads/2022/08/22.dizajnerski-top-brezrokavnik-Crna.jpg" />
	<meta property="og:image:width" content="600" />
	<meta property="og:image:height" content="586" />
	<meta property="og:image:type" content="image/jpeg" />
<meta name="twitter:card" content="summary_large_image" />
<script type="application/ld+json" class="yoast-schema-graph">{"@context":"https:\/\/schema.org","@graph":[{"@type":"WebPage","@id":"https:\/\/nanda.si\/it\/prodotto\/top-senza-maniche-firmato-nero\/","url":"https:\/\/nanda.si\/it\/prodotto\/top-senza-maniche-firmato-nero\/","name":"Top senza maniche firmato Nero | Ines Drole Nanda","isPartOf":{"@id":"https:\/\/nanda.si\/it\/#website"},"primaryImageOfPage":{"@id":"https:\/\/nanda.si\/it\/prodotto\/top-senza-maniche-firmato-nero\/#primaryimage"},"image":{"@id":"https:\/\/nanda.si\/it\/prodotto\/top-senza-maniche-firmato-nero\/#primaryimage"},"thumbnailUrl":"https:\/\/nanda.si\/wp-content\/uploads\/2022\/08\/22.dizajnerski-top-brezrokavnik-Crna.jpg","datePublished":"2022-08-15T19:09:04+00:00","description":"Questa calda giacca senza maniche di design in tessuto di lana nero è un'aggiunta alla moda al tuo guardaroba invernale e protegge dal freddo soprattutto la parte superiore del corpo e le spalle.","breadcrumb":{"@id":"https:\/\/nanda.si\/it\/prodotto\/top-senza-maniche-firmato-nero\/#breadcrumb"},"inLanguage":"it-IT","potentialAction":[{"@type":"ReadAction","target":["https:\/\/nanda.si\/it\/prodotto\/top-senza-maniche-firmato-nero\/"]}]},{"@type":"ImageObject","inLanguage":"it-IT","@id":"https:\/\/nanda.si\/it\/prodotto\/top-senza-maniche-firmato-nero\/#primaryimage","url":"https:\/\/nanda.si\/wp-content\/uploads\/2022\/08\/22.dizajnerski-top-brezrokavnik-Crna.jpg","contentUrl":"https:\/\/nanda.si\/wp-content\/uploads\/2022\/08\/22.dizajnerski-top-brezrokavnik-Crna.jpg","width":600,"height":586},{"@type":"BreadcrumbList","@id":"https:\/\/nanda.si\/it\/prodotto\/top-senza-maniche-firmato-nero\/#breadcrumb","itemListElement":[{"@type":"ListItem","position":1,"name":"Home","item":"https:\/\/nanda.si\/it\/casa\/"},{"@type":"ListItem","position":2,"name":"Trgovina","item":"https:\/\/nanda.si\/sl\/trgovina\/"},{"@type":"ListItem","position":3,"name":"Top senza maniche firmato Nero"}]},{"@type":"WebSite","@id":"https:\/\/nanda.si\/it\/#website","url":"https:\/\/nanda.si\/it\/","name":"Ines Drole Nanda","description":"Umetelne tekstilne kreacije za edinstven dom in unikatna oblačila.","publisher":{"@id":"https:\/\/nanda.si\/it\/#organization"},"potentialAction":[{"@type":"SearchAction","target":{"@type":"EntryPoint","urlTemplate":"https:\/\/nanda.si\/it\/?s={search_term_string}"},"query-input":{"@type":"PropertyValueSpecification","valueRequired":true,"valueName":"search_term_string"}}],"inLanguage":"it-IT"},{"@type":"Organization","@id":"https:\/\/nanda.si\/it\/#organization","name":"Ines Drole NANDA","url":"https:\/\/nanda.si\/it\/","logo":{"@type":"ImageObject","inLanguage":"it-IT","@id":"https:\/\/nanda.si\/it\/#\/schema\/logo\/image\/","url":"https:\/\/nanda.si\/wp-content\/uploads\/2022\/07\/logoNANDA-oval_Res.jpg","contentUrl":"https:\/\/nanda.si\/wp-content\/uploads\/2022\/07\/logoNANDA-oval_Res.jpg","width":600,"height":600,"caption":"Ines Drole NANDA"},"image":{"@id":"https:\/\/nanda.si\/it\/#\/schema\/logo\/image\/"}}]}</script>
<!-- / Yoast SEO plugin. -->

Questa calda giacca senza maniche di design in tessuto di lana nero è un'aggiunta alla moda al tuo guardaroba invernale e protegge dal freddo soprattutto la parte superiore del corpo e le spalle.

Umetelne tekstilne kreacije za edinstven dom in unikatna oblačila.
