{"id":6364,"date":"2023-12-09T17:58:38","date_gmt":"2023-12-09T17:58:38","guid":{"rendered":"https:\/\/nanda.si\/product\/abito-rosso-minimalista-con-maniche-in-seta-rosso\/"},"modified":"2023-12-09T17:58:38","modified_gmt":"2023-12-09T17:58:38","slug":"abito-rosso-minimalista-con-maniche-in-seta-rosso","status":"publish","type":"product","link":"https:\/\/nanda.si\/it\/prodotto\/abito-rosso-minimalista-con-maniche-in-seta-rosso\/","title":{"rendered":"Abito rosso minimalista con maniche in seta rosso"},"content":{"rendered":"<p>L \u201cabito rosso minimalista con maniche in seta Red \u00e8 un vestito comodo e dall\u201d eleganza unica, realizzato in cotone. Il materiale \u00e8 morbido e cadente, ma mantiene la linea. Il taglio \u00e8 ampio ma aderente al busto e il fondo \u00e8 decorato con un dettaglio angolare all&#8217;avanguardia. Le maniche scintillanti danno un tocco di eleganza festosa. Si adatta anche a una figura pi\u00f9 piena. Il collo \u00e8 semplice, a barchetta con una linea a cuore, dritta sul retro. Questo abito non tessile non ha zip e il taglio comodo ti permette di indossarlo con facilit\u00e0. \u00c8 dritto sul retro. Si adatta anche a una figura pi\u00f9 piena ed \u00e8 adatto alle giornate di festa colorate di rosso. Si consiglia di lavare e stirare fino a 40 gradi Celsius. Il lavaggio a mano prolunga la vita di ogni prodotto.<\/p>\n","protected":false},"excerpt":{"rendered":"<p>L \u201cabito rosso minimalista e ampio con maniche in seta ha un taglio ingegnoso e all\u201d avanguardia e si adatta sia alle figure magre che a quelle piene. Questo comodo abito a sacchetto risolve l&#8217;enigma del tempo e della fatica di combinare pezzi di abbigliamento armoniosi e ti permette di andare al lavoro o a un evento formale in modo rapido, a seconda degli altri accessori e delle calzature.<\/p>\n","protected":false},"featured_media":6365,"comment_status":"open","ping_status":"closed","template":"","meta":[],"product_brand":[],"product_cat":[286,283],"product_tag":[],"class_list":["post-6364","product","type-product","status-publish","has-post-thumbnail","product_cat-abbigliamento-e-accessori-unici","product_cat-abbigliamento-originale","first","instock","shipping-taxable","purchasable","product-type-variable","has-default-attributes"],"yoast_head":"<!-- This site is optimized with the Yoast SEO plugin v28.3 - https:\/\/yoast.com\/product\/yoast-seo-wordpress\/ -->\n<title>Abito rosso minimalista con maniche in seta rosso | Ines Drole Nanda<\/title>\n<meta name=\"description\" content=\"L&#039;abito rosso minimalista e ampio con maniche in seta si adatta sia alle figure pi\u00f9 snelle che a quelle pi\u00f9 piene. Adatto ai giorni di festa colorati di rosso.\" \/>\n<meta name=\"robots\" content=\"index, follow, max-snippet:-1, max-image-preview:large, max-video-preview:-1\" \/>\n<link rel=\"canonical\" href=\"https:\/\/nanda.si\/it\/prodotto\/abito-rosso-minimalista-con-maniche-in-seta-rosso\/\" \/>\n<meta property=\"og:locale\" content=\"it_IT\" \/>\n<meta property=\"og:type\" content=\"article\" \/>\n<meta property=\"og:title\" content=\"Abito rosso minimalista con maniche in seta rosso | Ines Drole Nanda\" \/>\n<meta property=\"og:description\" content=\"L&#039;abito rosso minimalista e ampio con maniche in seta si adatta sia alle figure pi\u00f9 snelle che a quelle pi\u00f9 piene. Adatto ai giorni di festa colorati di rosso.\" \/>\n<meta property=\"og:url\" content=\"https:\/\/nanda.si\/it\/prodotto\/abito-rosso-minimalista-con-maniche-in-seta-rosso\/\" \/>\n<meta property=\"og:site_name\" content=\"Ines Drole Nanda\" \/>\n<meta property=\"og:image\" content=\"https:\/\/nanda.si\/wp-content\/uploads\/2023\/12\/Minimalisticna-rdeca-ohlapna-obleka-s-svilenim-rokavom-zadja.-rjpg.jpg\" \/>\n\t<meta property=\"og:image:width\" content=\"351\" \/>\n\t<meta property=\"og:image:height\" content=\"568\" \/>\n\t<meta property=\"og:image:type\" content=\"image\/jpeg\" \/>\n<meta name=\"twitter:card\" content=\"summary_large_image\" \/>\n<meta name=\"twitter:label1\" content=\"Tempo di lettura stimato\" \/>\n\t<meta name=\"twitter:data1\" content=\"1 minuto\" \/>\n<script type=\"application\/ld+json\" class=\"yoast-schema-graph\">{\"@context\":\"https:\\\/\\\/schema.org\",\"@graph\":[{\"@type\":\"WebPage\",\"@id\":\"https:\\\/\\\/nanda.si\\\/it\\\/prodotto\\\/abito-rosso-minimalista-con-maniche-in-seta-rosso\\\/\",\"url\":\"https:\\\/\\\/nanda.si\\\/it\\\/prodotto\\\/abito-rosso-minimalista-con-maniche-in-seta-rosso\\\/\",\"name\":\"Abito rosso minimalista con maniche in seta rosso | Ines Drole Nanda\",\"isPartOf\":{\"@id\":\"https:\\\/\\\/nanda.si\\\/it\\\/#website\"},\"primaryImageOfPage\":{\"@id\":\"https:\\\/\\\/nanda.si\\\/it\\\/prodotto\\\/abito-rosso-minimalista-con-maniche-in-seta-rosso\\\/#primaryimage\"},\"image\":{\"@id\":\"https:\\\/\\\/nanda.si\\\/it\\\/prodotto\\\/abito-rosso-minimalista-con-maniche-in-seta-rosso\\\/#primaryimage\"},\"thumbnailUrl\":\"https:\\\/\\\/nanda.si\\\/wp-content\\\/uploads\\\/2023\\\/12\\\/Minimalisticna-rdeca-ohlapna-obleka-s-svilenim-rokavom-zadja.-rjpg.jpg\",\"datePublished\":\"2023-12-09T17:58:38+00:00\",\"description\":\"L'abito rosso minimalista e ampio con maniche in seta si adatta sia alle figure pi\u00f9 snelle che a quelle pi\u00f9 piene. Adatto ai giorni di festa colorati di rosso.\",\"breadcrumb\":{\"@id\":\"https:\\\/\\\/nanda.si\\\/it\\\/prodotto\\\/abito-rosso-minimalista-con-maniche-in-seta-rosso\\\/#breadcrumb\"},\"inLanguage\":\"it-IT\",\"potentialAction\":[{\"@type\":\"ReadAction\",\"target\":[\"https:\\\/\\\/nanda.si\\\/it\\\/prodotto\\\/abito-rosso-minimalista-con-maniche-in-seta-rosso\\\/\"]}]},{\"@type\":\"ImageObject\",\"inLanguage\":\"it-IT\",\"@id\":\"https:\\\/\\\/nanda.si\\\/it\\\/prodotto\\\/abito-rosso-minimalista-con-maniche-in-seta-rosso\\\/#primaryimage\",\"url\":\"https:\\\/\\\/nanda.si\\\/wp-content\\\/uploads\\\/2023\\\/12\\\/Minimalisticna-rdeca-ohlapna-obleka-s-svilenim-rokavom-zadja.-rjpg.jpg\",\"contentUrl\":\"https:\\\/\\\/nanda.si\\\/wp-content\\\/uploads\\\/2023\\\/12\\\/Minimalisticna-rdeca-ohlapna-obleka-s-svilenim-rokavom-zadja.-rjpg.jpg\",\"width\":351,\"height\":568},{\"@type\":\"BreadcrumbList\",\"@id\":\"https:\\\/\\\/nanda.si\\\/it\\\/prodotto\\\/abito-rosso-minimalista-con-maniche-in-seta-rosso\\\/#breadcrumb\",\"itemListElement\":[{\"@type\":\"ListItem\",\"position\":1,\"name\":\"Home\",\"item\":\"https:\\\/\\\/nanda.si\\\/it\\\/casa\\\/\"},{\"@type\":\"ListItem\",\"position\":2,\"name\":\"Trgovina\",\"item\":\"https:\\\/\\\/nanda.si\\\/sl\\\/trgovina\\\/\"},{\"@type\":\"ListItem\",\"position\":3,\"name\":\"Abito rosso minimalista con maniche in seta rosso\"}]},{\"@type\":\"WebSite\",\"@id\":\"https:\\\/\\\/nanda.si\\\/it\\\/#website\",\"url\":\"https:\\\/\\\/nanda.si\\\/it\\\/\",\"name\":\"Ines Drole Nanda\",\"description\":\"Umetelne tekstilne kreacije za edinstven dom in unikatna obla\u010dila.\",\"publisher\":{\"@id\":\"https:\\\/\\\/nanda.si\\\/it\\\/#organization\"},\"potentialAction\":[{\"@type\":\"SearchAction\",\"target\":{\"@type\":\"EntryPoint\",\"urlTemplate\":\"https:\\\/\\\/nanda.si\\\/it\\\/?s={search_term_string}\"},\"query-input\":{\"@type\":\"PropertyValueSpecification\",\"valueRequired\":true,\"valueName\":\"search_term_string\"}}],\"inLanguage\":\"it-IT\"},{\"@type\":\"Organization\",\"@id\":\"https:\\\/\\\/nanda.si\\\/it\\\/#organization\",\"name\":\"Ines Drole NANDA\",\"url\":\"https:\\\/\\\/nanda.si\\\/it\\\/\",\"logo\":{\"@type\":\"ImageObject\",\"inLanguage\":\"it-IT\",\"@id\":\"https:\\\/\\\/nanda.si\\\/it\\\/#\\\/schema\\\/logo\\\/image\\\/\",\"url\":\"https:\\\/\\\/nanda.si\\\/wp-content\\\/uploads\\\/2022\\\/07\\\/logoNANDA-oval_Res.jpg\",\"contentUrl\":\"https:\\\/\\\/nanda.si\\\/wp-content\\\/uploads\\\/2022\\\/07\\\/logoNANDA-oval_Res.jpg\",\"width\":600,\"height\":600,\"caption\":\"Ines Drole NANDA\"},\"image\":{\"@id\":\"https:\\\/\\\/nanda.si\\\/it\\\/#\\\/schema\\\/logo\\\/image\\\/\"}}]}<\/script>\n<!-- \/ Yoast SEO plugin. -->","yoast_head_json":{"title":"Abito rosso minimalista con maniche in seta rosso | Ines Drole Nanda","description":"L'abito rosso minimalista e ampio con maniche in seta si adatta sia alle figure pi\u00f9 snelle che a quelle pi\u00f9 piene. Adatto ai giorni di festa colorati di rosso.","robots":{"index":"index","follow":"follow","max-snippet":"max-snippet:-1","max-image-preview":"max-image-preview:large","max-video-preview":"max-video-preview:-1"},"canonical":"https:\/\/nanda.si\/it\/prodotto\/abito-rosso-minimalista-con-maniche-in-seta-rosso\/","og_locale":"it_IT","og_type":"article","og_title":"Abito rosso minimalista con maniche in seta rosso | Ines Drole Nanda","og_description":"L'abito rosso minimalista e ampio con maniche in seta si adatta sia alle figure pi\u00f9 snelle che a quelle pi\u00f9 piene. Adatto ai giorni di festa colorati di rosso.","og_url":"https:\/\/nanda.si\/it\/prodotto\/abito-rosso-minimalista-con-maniche-in-seta-rosso\/","og_site_name":"Ines Drole Nanda","og_image":[{"width":351,"height":568,"url":"https:\/\/nanda.si\/wp-content\/uploads\/2023\/12\/Minimalisticna-rdeca-ohlapna-obleka-s-svilenim-rokavom-zadja.-rjpg.jpg","type":"image\/jpeg"}],"twitter_card":"summary_large_image","twitter_misc":{"Tempo di lettura stimato":"1 minuto"},"schema":{"@context":"https:\/\/schema.org","@graph":[{"@type":"WebPage","@id":"https:\/\/nanda.si\/it\/prodotto\/abito-rosso-minimalista-con-maniche-in-seta-rosso\/","url":"https:\/\/nanda.si\/it\/prodotto\/abito-rosso-minimalista-con-maniche-in-seta-rosso\/","name":"Abito rosso minimalista con maniche in seta rosso | Ines Drole Nanda","isPartOf":{"@id":"https:\/\/nanda.si\/it\/#website"},"primaryImageOfPage":{"@id":"https:\/\/nanda.si\/it\/prodotto\/abito-rosso-minimalista-con-maniche-in-seta-rosso\/#primaryimage"},"image":{"@id":"https:\/\/nanda.si\/it\/prodotto\/abito-rosso-minimalista-con-maniche-in-seta-rosso\/#primaryimage"},"thumbnailUrl":"https:\/\/nanda.si\/wp-content\/uploads\/2023\/12\/Minimalisticna-rdeca-ohlapna-obleka-s-svilenim-rokavom-zadja.-rjpg.jpg","datePublished":"2023-12-09T17:58:38+00:00","description":"L'abito rosso minimalista e ampio con maniche in seta si adatta sia alle figure pi\u00f9 snelle che a quelle pi\u00f9 piene. Adatto ai giorni di festa colorati di rosso.","breadcrumb":{"@id":"https:\/\/nanda.si\/it\/prodotto\/abito-rosso-minimalista-con-maniche-in-seta-rosso\/#breadcrumb"},"inLanguage":"it-IT","potentialAction":[{"@type":"ReadAction","target":["https:\/\/nanda.si\/it\/prodotto\/abito-rosso-minimalista-con-maniche-in-seta-rosso\/"]}]},{"@type":"ImageObject","inLanguage":"it-IT","@id":"https:\/\/nanda.si\/it\/prodotto\/abito-rosso-minimalista-con-maniche-in-seta-rosso\/#primaryimage","url":"https:\/\/nanda.si\/wp-content\/uploads\/2023\/12\/Minimalisticna-rdeca-ohlapna-obleka-s-svilenim-rokavom-zadja.-rjpg.jpg","contentUrl":"https:\/\/nanda.si\/wp-content\/uploads\/2023\/12\/Minimalisticna-rdeca-ohlapna-obleka-s-svilenim-rokavom-zadja.-rjpg.jpg","width":351,"height":568},{"@type":"BreadcrumbList","@id":"https:\/\/nanda.si\/it\/prodotto\/abito-rosso-minimalista-con-maniche-in-seta-rosso\/#breadcrumb","itemListElement":[{"@type":"ListItem","position":1,"name":"Home","item":"https:\/\/nanda.si\/it\/casa\/"},{"@type":"ListItem","position":2,"name":"Trgovina","item":"https:\/\/nanda.si\/sl\/trgovina\/"},{"@type":"ListItem","position":3,"name":"Abito rosso minimalista con maniche in seta rosso"}]},{"@type":"WebSite","@id":"https:\/\/nanda.si\/it\/#website","url":"https:\/\/nanda.si\/it\/","name":"Ines Drole Nanda","description":"Umetelne tekstilne kreacije za edinstven dom in unikatna obla\u010dila.","publisher":{"@id":"https:\/\/nanda.si\/it\/#organization"},"potentialAction":[{"@type":"SearchAction","target":{"@type":"EntryPoint","urlTemplate":"https:\/\/nanda.si\/it\/?s={search_term_string}"},"query-input":{"@type":"PropertyValueSpecification","valueRequired":true,"valueName":"search_term_string"}}],"inLanguage":"it-IT"},{"@type":"Organization","@id":"https:\/\/nanda.si\/it\/#organization","name":"Ines Drole NANDA","url":"https:\/\/nanda.si\/it\/","logo":{"@type":"ImageObject","inLanguage":"it-IT","@id":"https:\/\/nanda.si\/it\/#\/schema\/logo\/image\/","url":"https:\/\/nanda.si\/wp-content\/uploads\/2022\/07\/logoNANDA-oval_Res.jpg","contentUrl":"https:\/\/nanda.si\/wp-content\/uploads\/2022\/07\/logoNANDA-oval_Res.jpg","width":600,"height":600,"caption":"Ines Drole NANDA"},"image":{"@id":"https:\/\/nanda.si\/it\/#\/schema\/logo\/image\/"}}]}},"_links":{"self":[{"href":"https:\/\/nanda.si\/it\/wp-json\/wp\/v2\/product\/6364","targetHints":{"allow":["GET"]}}],"collection":[{"href":"https:\/\/nanda.si\/it\/wp-json\/wp\/v2\/product"}],"about":[{"href":"https:\/\/nanda.si\/it\/wp-json\/wp\/v2\/types\/product"}],"replies":[{"embeddable":true,"href":"https:\/\/nanda.si\/it\/wp-json\/wp\/v2\/comments?post=6364"}],"wp:featuredmedia":[{"embeddable":true,"href":"https:\/\/nanda.si\/it\/wp-json\/wp\/v2\/media\/6365"}],"wp:attachment":[{"href":"https:\/\/nanda.si\/it\/wp-json\/wp\/v2\/media?parent=6364"}],"wp:term":[{"taxonomy":"product_brand","embeddable":true,"href":"https:\/\/nanda.si\/it\/wp-json\/wp\/v2\/product_brand?post=6364"},{"taxonomy":"product_cat","embeddable":true,"href":"https:\/\/nanda.si\/it\/wp-json\/wp\/v2\/product_cat?post=6364"},{"taxonomy":"product_tag","embeddable":true,"href":"https:\/\/nanda.si\/it\/wp-json\/wp\/v2\/product_tag?post=6364"}],"curies":[{"name":"wp","href":"https:\/\/api.w.org\/{rel}","templated":true}]}}

<p>L “abito rosso minimalista con maniche in seta Red è un vestito comodo e dall” eleganza unica, realizzato in cotone. Il materiale è morbido e cadente, ma mantiene la linea. Il taglio è ampio ma aderente al busto e il fondo è decorato con un dettaglio angolare all&#8217;avanguardia. Le maniche scintillanti danno un tocco di eleganza festosa. Si adatta anche a una figura più piena. Il collo è semplice, a barchetta con una linea a cuore, dritta sul retro. Questo abito non tessile non ha zip e il taglio comodo ti permette di indossarlo con facilità. È dritto sul retro. Si adatta anche a una figura più piena ed è adatto alle giornate di festa colorate di rosso. Si consiglia di lavare e stirare fino a 40 gradi Celsius. Il lavaggio a mano prolunga la vita di ogni prodotto.</p>

<!-- This site is optimized with the Yoast SEO plugin v28.3 - https://yoast.com/product/yoast-seo-wordpress/ -->
<title>Abito rosso minimalista con maniche in seta rosso | Ines Drole Nanda</title>
<meta name="description" content="L&#039;abito rosso minimalista e ampio con maniche in seta si adatta sia alle figure più snelle che a quelle più piene. Adatto ai giorni di festa colorati di rosso." />
<meta name="robots" content="index, follow, max-snippet:-1, max-image-preview:large, max-video-preview:-1" />
<link rel="canonical" href="https://nanda.si/it/prodotto/abito-rosso-minimalista-con-maniche-in-seta-rosso/" />
<meta property="og:locale" content="it_IT" />
<meta property="og:type" content="article" />
<meta property="og:title" content="Abito rosso minimalista con maniche in seta rosso | Ines Drole Nanda" />
<meta property="og:description" content="L&#039;abito rosso minimalista e ampio con maniche in seta si adatta sia alle figure più snelle che a quelle più piene. Adatto ai giorni di festa colorati di rosso." />
<meta property="og:url" content="https://nanda.si/it/prodotto/abito-rosso-minimalista-con-maniche-in-seta-rosso/" />
<meta property="og:site_name" content="Ines Drole Nanda" />
<meta property="og:image" content="https://nanda.si/wp-content/uploads/2023/12/Minimalisticna-rdeca-ohlapna-obleka-s-svilenim-rokavom-zadja.-rjpg.jpg" />
	<meta property="og:image:width" content="351" />
	<meta property="og:image:height" content="568" />
	<meta property="og:image:type" content="image/jpeg" />
<meta name="twitter:card" content="summary_large_image" />
<meta name="twitter:label1" content="Tempo di lettura stimato" />
	<meta name="twitter:data1" content="1 minuto" />
<script type="application/ld+json" class="yoast-schema-graph">{"@context":"https:\/\/schema.org","@graph":[{"@type":"WebPage","@id":"https:\/\/nanda.si\/it\/prodotto\/abito-rosso-minimalista-con-maniche-in-seta-rosso\/","url":"https:\/\/nanda.si\/it\/prodotto\/abito-rosso-minimalista-con-maniche-in-seta-rosso\/","name":"Abito rosso minimalista con maniche in seta rosso | Ines Drole Nanda","isPartOf":{"@id":"https:\/\/nanda.si\/it\/#website"},"primaryImageOfPage":{"@id":"https:\/\/nanda.si\/it\/prodotto\/abito-rosso-minimalista-con-maniche-in-seta-rosso\/#primaryimage"},"image":{"@id":"https:\/\/nanda.si\/it\/prodotto\/abito-rosso-minimalista-con-maniche-in-seta-rosso\/#primaryimage"},"thumbnailUrl":"https:\/\/nanda.si\/wp-content\/uploads\/2023\/12\/Minimalisticna-rdeca-ohlapna-obleka-s-svilenim-rokavom-zadja.-rjpg.jpg","datePublished":"2023-12-09T17:58:38+00:00","description":"L'abito rosso minimalista e ampio con maniche in seta si adatta sia alle figure più snelle che a quelle più piene. Adatto ai giorni di festa colorati di rosso.","breadcrumb":{"@id":"https:\/\/nanda.si\/it\/prodotto\/abito-rosso-minimalista-con-maniche-in-seta-rosso\/#breadcrumb"},"inLanguage":"it-IT","potentialAction":[{"@type":"ReadAction","target":["https:\/\/nanda.si\/it\/prodotto\/abito-rosso-minimalista-con-maniche-in-seta-rosso\/"]}]},{"@type":"ImageObject","inLanguage":"it-IT","@id":"https:\/\/nanda.si\/it\/prodotto\/abito-rosso-minimalista-con-maniche-in-seta-rosso\/#primaryimage","url":"https:\/\/nanda.si\/wp-content\/uploads\/2023\/12\/Minimalisticna-rdeca-ohlapna-obleka-s-svilenim-rokavom-zadja.-rjpg.jpg","contentUrl":"https:\/\/nanda.si\/wp-content\/uploads\/2023\/12\/Minimalisticna-rdeca-ohlapna-obleka-s-svilenim-rokavom-zadja.-rjpg.jpg","width":351,"height":568},{"@type":"BreadcrumbList","@id":"https:\/\/nanda.si\/it\/prodotto\/abito-rosso-minimalista-con-maniche-in-seta-rosso\/#breadcrumb","itemListElement":[{"@type":"ListItem","position":1,"name":"Home","item":"https:\/\/nanda.si\/it\/casa\/"},{"@type":"ListItem","position":2,"name":"Trgovina","item":"https:\/\/nanda.si\/sl\/trgovina\/"},{"@type":"ListItem","position":3,"name":"Abito rosso minimalista con maniche in seta rosso"}]},{"@type":"WebSite","@id":"https:\/\/nanda.si\/it\/#website","url":"https:\/\/nanda.si\/it\/","name":"Ines Drole Nanda","description":"Umetelne tekstilne kreacije za edinstven dom in unikatna oblačila.","publisher":{"@id":"https:\/\/nanda.si\/it\/#organization"},"potentialAction":[{"@type":"SearchAction","target":{"@type":"EntryPoint","urlTemplate":"https:\/\/nanda.si\/it\/?s={search_term_string}"},"query-input":{"@type":"PropertyValueSpecification","valueRequired":true,"valueName":"search_term_string"}}],"inLanguage":"it-IT"},{"@type":"Organization","@id":"https:\/\/nanda.si\/it\/#organization","name":"Ines Drole NANDA","url":"https:\/\/nanda.si\/it\/","logo":{"@type":"ImageObject","inLanguage":"it-IT","@id":"https:\/\/nanda.si\/it\/#\/schema\/logo\/image\/","url":"https:\/\/nanda.si\/wp-content\/uploads\/2022\/07\/logoNANDA-oval_Res.jpg","contentUrl":"https:\/\/nanda.si\/wp-content\/uploads\/2022\/07\/logoNANDA-oval_Res.jpg","width":600,"height":600,"caption":"Ines Drole NANDA"},"image":{"@id":"https:\/\/nanda.si\/it\/#\/schema\/logo\/image\/"}}]}</script>
<!-- / Yoast SEO plugin. -->

L'abito rosso minimalista e ampio con maniche in seta si adatta sia alle figure più snelle che a quelle più piene. Adatto ai giorni di festa colorati di rosso.

Umetelne tekstilne kreacije za edinstven dom in unikatna oblačila.
