{"id":6274,"date":"2024-11-20T09:53:17","date_gmt":"2024-11-20T09:53:17","guid":{"rendered":"https:\/\/nanda.si\/product\/gonna-a-vita-alta-di-tendenza-con-motivo-a-quadri-nero-e-verde-oliva\/"},"modified":"2024-11-20T09:53:17","modified_gmt":"2024-11-20T09:53:17","slug":"gonna-a-vita-alta-di-tendenza-con-motivo-a-quadri-nero-e-verde-oliva","status":"publish","type":"product","link":"https:\/\/nanda.si\/it\/prodotto\/gonna-a-vita-alta-di-tendenza-con-motivo-a-quadri-nero-e-verde-oliva\/","title":{"rendered":"Gonna a vita alta di tendenza con motivo a quadri nero e verde oliva"},"content":{"rendered":"<p>La gonna a vita alta di tendenza con motivo a quadri nero e verde oliva \u00e8 una combinazione di jersey di lana e velluto a coste sottili. La vita alta in velluto elasticizzato modella piacevolmente la pancia grazie alle cuciture sul retro. La cintura \u00e8 rifinita con un cinturino decorativo (sopra e a lato del davanti), che \u00e8 lo stesso della parte inferiore della gonna. La parte inferiore della gonna \u00e8 in lana nera e verde oliva a quadri con righe; il materiale \u00e8 comodamente elasticizzato, leggermente plissettato sul davanti e sul retro e moderatamente svasato a campana. Ha una fodera in viscosa. Lavabile fino a 40 gradi Celsius.     <\/p>\n<p>Un pezzo unico.<\/p>\n","protected":false},"excerpt":{"rendered":"<p>La gonna a vita alta di tendenza con motivo a quadri nero e verde oliva \u00e8 una combinazione di jersey di lana e velluto a coste sottili. La vita alta&hellip;<\/p>\n","protected":false},"featured_media":5996,"comment_status":"open","ping_status":"closed","template":"","meta":[],"product_brand":[],"product_cat":[283],"product_tag":[],"class_list":["post-6274","product","type-product","status-publish","has-post-thumbnail","product_cat-abbigliamento-originale","first","instock","shipping-taxable","purchasable","product-type-variable"],"yoast_head":"<!-- This site is optimized with the Yoast SEO plugin v28.3 - https:\/\/yoast.com\/product\/yoast-seo-wordpress\/ -->\n<title>Gonna a vita alta di tendenza con motivo a quadri nero e verde oliva | Ines Drole Nanda<\/title>\n<meta name=\"description\" content=\"La gonna a vita alta di tendenza con motivo a quadri nero e verde oliva \u00e8 lusinghiera e adatta al ventre, mentre la parte inferiore si svasa in un taglio a campana con pieghe moderate.\" \/>\n<meta name=\"robots\" content=\"index, follow, max-snippet:-1, max-image-preview:large, max-video-preview:-1\" \/>\n<link rel=\"canonical\" href=\"https:\/\/nanda.si\/it\/prodotto\/gonna-a-vita-alta-di-tendenza-con-motivo-a-quadri-nero-e-verde-oliva\/\" \/>\n<meta property=\"og:locale\" content=\"it_IT\" \/>\n<meta property=\"og:type\" content=\"article\" \/>\n<meta property=\"og:title\" content=\"Gonna a vita alta di tendenza con motivo a quadri nero e verde oliva | Ines Drole Nanda\" \/>\n<meta property=\"og:description\" content=\"La gonna a vita alta di tendenza con motivo a quadri nero e verde oliva \u00e8 lusinghiera e adatta al ventre, mentre la parte inferiore si svasa in un taglio a campana con pieghe moderate.\" \/>\n<meta property=\"og:url\" content=\"https:\/\/nanda.si\/it\/prodotto\/gonna-a-vita-alta-di-tendenza-con-motivo-a-quadri-nero-e-verde-oliva\/\" \/>\n<meta property=\"og:site_name\" content=\"Ines Drole Nanda\" \/>\n<meta property=\"og:image\" content=\"https:\/\/nanda.si\/wp-content\/uploads\/2024\/11\/crno-karirasto-krilo-volnen-jersey-R.jpg\" \/>\n\t<meta property=\"og:image:width\" content=\"425\" \/>\n\t<meta property=\"og:image:height\" content=\"567\" \/>\n\t<meta property=\"og:image:type\" content=\"image\/jpeg\" \/>\n<meta name=\"twitter:card\" content=\"summary_large_image\" \/>\n<meta name=\"twitter:label1\" content=\"Tempo di lettura stimato\" \/>\n\t<meta name=\"twitter:data1\" content=\"1 minuto\" \/>\n<script type=\"application\/ld+json\" class=\"yoast-schema-graph\">{\"@context\":\"https:\\\/\\\/schema.org\",\"@graph\":[{\"@type\":\"WebPage\",\"@id\":\"https:\\\/\\\/nanda.si\\\/it\\\/prodotto\\\/gonna-a-vita-alta-di-tendenza-con-motivo-a-quadri-nero-e-verde-oliva\\\/\",\"url\":\"https:\\\/\\\/nanda.si\\\/it\\\/prodotto\\\/gonna-a-vita-alta-di-tendenza-con-motivo-a-quadri-nero-e-verde-oliva\\\/\",\"name\":\"Gonna a vita alta di tendenza con motivo a quadri nero e verde oliva | Ines Drole Nanda\",\"isPartOf\":{\"@id\":\"https:\\\/\\\/nanda.si\\\/it\\\/#website\"},\"primaryImageOfPage\":{\"@id\":\"https:\\\/\\\/nanda.si\\\/it\\\/prodotto\\\/gonna-a-vita-alta-di-tendenza-con-motivo-a-quadri-nero-e-verde-oliva\\\/#primaryimage\"},\"image\":{\"@id\":\"https:\\\/\\\/nanda.si\\\/it\\\/prodotto\\\/gonna-a-vita-alta-di-tendenza-con-motivo-a-quadri-nero-e-verde-oliva\\\/#primaryimage\"},\"thumbnailUrl\":\"https:\\\/\\\/nanda.si\\\/wp-content\\\/uploads\\\/2024\\\/11\\\/crno-karirasto-krilo-volnen-jersey-R.jpg\",\"datePublished\":\"2024-11-20T09:53:17+00:00\",\"description\":\"La gonna a vita alta di tendenza con motivo a quadri nero e verde oliva \u00e8 lusinghiera e adatta al ventre, mentre la parte inferiore si svasa in un taglio a campana con pieghe moderate.\",\"breadcrumb\":{\"@id\":\"https:\\\/\\\/nanda.si\\\/it\\\/prodotto\\\/gonna-a-vita-alta-di-tendenza-con-motivo-a-quadri-nero-e-verde-oliva\\\/#breadcrumb\"},\"inLanguage\":\"it-IT\",\"potentialAction\":[{\"@type\":\"ReadAction\",\"target\":[\"https:\\\/\\\/nanda.si\\\/it\\\/prodotto\\\/gonna-a-vita-alta-di-tendenza-con-motivo-a-quadri-nero-e-verde-oliva\\\/\"]}]},{\"@type\":\"ImageObject\",\"inLanguage\":\"it-IT\",\"@id\":\"https:\\\/\\\/nanda.si\\\/it\\\/prodotto\\\/gonna-a-vita-alta-di-tendenza-con-motivo-a-quadri-nero-e-verde-oliva\\\/#primaryimage\",\"url\":\"https:\\\/\\\/nanda.si\\\/wp-content\\\/uploads\\\/2024\\\/11\\\/crno-karirasto-krilo-volnen-jersey-R.jpg\",\"contentUrl\":\"https:\\\/\\\/nanda.si\\\/wp-content\\\/uploads\\\/2024\\\/11\\\/crno-karirasto-krilo-volnen-jersey-R.jpg\",\"width\":425,\"height\":567},{\"@type\":\"BreadcrumbList\",\"@id\":\"https:\\\/\\\/nanda.si\\\/it\\\/prodotto\\\/gonna-a-vita-alta-di-tendenza-con-motivo-a-quadri-nero-e-verde-oliva\\\/#breadcrumb\",\"itemListElement\":[{\"@type\":\"ListItem\",\"position\":1,\"name\":\"Home\",\"item\":\"https:\\\/\\\/nanda.si\\\/it\\\/casa\\\/\"},{\"@type\":\"ListItem\",\"position\":2,\"name\":\"Trgovina\",\"item\":\"https:\\\/\\\/nanda.si\\\/sl\\\/trgovina\\\/\"},{\"@type\":\"ListItem\",\"position\":3,\"name\":\"Gonna a vita alta di tendenza con motivo a quadri nero e verde oliva\"}]},{\"@type\":\"WebSite\",\"@id\":\"https:\\\/\\\/nanda.si\\\/it\\\/#website\",\"url\":\"https:\\\/\\\/nanda.si\\\/it\\\/\",\"name\":\"Ines Drole Nanda\",\"description\":\"Umetelne tekstilne kreacije za edinstven dom in unikatna obla\u010dila.\",\"publisher\":{\"@id\":\"https:\\\/\\\/nanda.si\\\/it\\\/#organization\"},\"potentialAction\":[{\"@type\":\"SearchAction\",\"target\":{\"@type\":\"EntryPoint\",\"urlTemplate\":\"https:\\\/\\\/nanda.si\\\/it\\\/?s={search_term_string}\"},\"query-input\":{\"@type\":\"PropertyValueSpecification\",\"valueRequired\":true,\"valueName\":\"search_term_string\"}}],\"inLanguage\":\"it-IT\"},{\"@type\":\"Organization\",\"@id\":\"https:\\\/\\\/nanda.si\\\/it\\\/#organization\",\"name\":\"Ines Drole NANDA\",\"url\":\"https:\\\/\\\/nanda.si\\\/it\\\/\",\"logo\":{\"@type\":\"ImageObject\",\"inLanguage\":\"it-IT\",\"@id\":\"https:\\\/\\\/nanda.si\\\/it\\\/#\\\/schema\\\/logo\\\/image\\\/\",\"url\":\"https:\\\/\\\/nanda.si\\\/wp-content\\\/uploads\\\/2022\\\/07\\\/logoNANDA-oval_Res.jpg\",\"contentUrl\":\"https:\\\/\\\/nanda.si\\\/wp-content\\\/uploads\\\/2022\\\/07\\\/logoNANDA-oval_Res.jpg\",\"width\":600,\"height\":600,\"caption\":\"Ines Drole NANDA\"},\"image\":{\"@id\":\"https:\\\/\\\/nanda.si\\\/it\\\/#\\\/schema\\\/logo\\\/image\\\/\"}}]}<\/script>\n<!-- \/ Yoast SEO plugin. -->","yoast_head_json":{"title":"Gonna a vita alta di tendenza con motivo a quadri nero e verde oliva | Ines Drole Nanda","description":"La gonna a vita alta di tendenza con motivo a quadri nero e verde oliva \u00e8 lusinghiera e adatta al ventre, mentre la parte inferiore si svasa in un taglio a campana con pieghe moderate.","robots":{"index":"index","follow":"follow","max-snippet":"max-snippet:-1","max-image-preview":"max-image-preview:large","max-video-preview":"max-video-preview:-1"},"canonical":"https:\/\/nanda.si\/it\/prodotto\/gonna-a-vita-alta-di-tendenza-con-motivo-a-quadri-nero-e-verde-oliva\/","og_locale":"it_IT","og_type":"article","og_title":"Gonna a vita alta di tendenza con motivo a quadri nero e verde oliva | Ines Drole Nanda","og_description":"La gonna a vita alta di tendenza con motivo a quadri nero e verde oliva \u00e8 lusinghiera e adatta al ventre, mentre la parte inferiore si svasa in un taglio a campana con pieghe moderate.","og_url":"https:\/\/nanda.si\/it\/prodotto\/gonna-a-vita-alta-di-tendenza-con-motivo-a-quadri-nero-e-verde-oliva\/","og_site_name":"Ines Drole Nanda","og_image":[{"width":425,"height":567,"url":"https:\/\/nanda.si\/wp-content\/uploads\/2024\/11\/crno-karirasto-krilo-volnen-jersey-R.jpg","type":"image\/jpeg"}],"twitter_card":"summary_large_image","twitter_misc":{"Tempo di lettura stimato":"1 minuto"},"schema":{"@context":"https:\/\/schema.org","@graph":[{"@type":"WebPage","@id":"https:\/\/nanda.si\/it\/prodotto\/gonna-a-vita-alta-di-tendenza-con-motivo-a-quadri-nero-e-verde-oliva\/","url":"https:\/\/nanda.si\/it\/prodotto\/gonna-a-vita-alta-di-tendenza-con-motivo-a-quadri-nero-e-verde-oliva\/","name":"Gonna a vita alta di tendenza con motivo a quadri nero e verde oliva | Ines Drole Nanda","isPartOf":{"@id":"https:\/\/nanda.si\/it\/#website"},"primaryImageOfPage":{"@id":"https:\/\/nanda.si\/it\/prodotto\/gonna-a-vita-alta-di-tendenza-con-motivo-a-quadri-nero-e-verde-oliva\/#primaryimage"},"image":{"@id":"https:\/\/nanda.si\/it\/prodotto\/gonna-a-vita-alta-di-tendenza-con-motivo-a-quadri-nero-e-verde-oliva\/#primaryimage"},"thumbnailUrl":"https:\/\/nanda.si\/wp-content\/uploads\/2024\/11\/crno-karirasto-krilo-volnen-jersey-R.jpg","datePublished":"2024-11-20T09:53:17+00:00","description":"La gonna a vita alta di tendenza con motivo a quadri nero e verde oliva \u00e8 lusinghiera e adatta al ventre, mentre la parte inferiore si svasa in un taglio a campana con pieghe moderate.","breadcrumb":{"@id":"https:\/\/nanda.si\/it\/prodotto\/gonna-a-vita-alta-di-tendenza-con-motivo-a-quadri-nero-e-verde-oliva\/#breadcrumb"},"inLanguage":"it-IT","potentialAction":[{"@type":"ReadAction","target":["https:\/\/nanda.si\/it\/prodotto\/gonna-a-vita-alta-di-tendenza-con-motivo-a-quadri-nero-e-verde-oliva\/"]}]},{"@type":"ImageObject","inLanguage":"it-IT","@id":"https:\/\/nanda.si\/it\/prodotto\/gonna-a-vita-alta-di-tendenza-con-motivo-a-quadri-nero-e-verde-oliva\/#primaryimage","url":"https:\/\/nanda.si\/wp-content\/uploads\/2024\/11\/crno-karirasto-krilo-volnen-jersey-R.jpg","contentUrl":"https:\/\/nanda.si\/wp-content\/uploads\/2024\/11\/crno-karirasto-krilo-volnen-jersey-R.jpg","width":425,"height":567},{"@type":"BreadcrumbList","@id":"https:\/\/nanda.si\/it\/prodotto\/gonna-a-vita-alta-di-tendenza-con-motivo-a-quadri-nero-e-verde-oliva\/#breadcrumb","itemListElement":[{"@type":"ListItem","position":1,"name":"Home","item":"https:\/\/nanda.si\/it\/casa\/"},{"@type":"ListItem","position":2,"name":"Trgovina","item":"https:\/\/nanda.si\/sl\/trgovina\/"},{"@type":"ListItem","position":3,"name":"Gonna a vita alta di tendenza con motivo a quadri nero e verde oliva"}]},{"@type":"WebSite","@id":"https:\/\/nanda.si\/it\/#website","url":"https:\/\/nanda.si\/it\/","name":"Ines Drole Nanda","description":"Umetelne tekstilne kreacije za edinstven dom in unikatna obla\u010dila.","publisher":{"@id":"https:\/\/nanda.si\/it\/#organization"},"potentialAction":[{"@type":"SearchAction","target":{"@type":"EntryPoint","urlTemplate":"https:\/\/nanda.si\/it\/?s={search_term_string}"},"query-input":{"@type":"PropertyValueSpecification","valueRequired":true,"valueName":"search_term_string"}}],"inLanguage":"it-IT"},{"@type":"Organization","@id":"https:\/\/nanda.si\/it\/#organization","name":"Ines Drole NANDA","url":"https:\/\/nanda.si\/it\/","logo":{"@type":"ImageObject","inLanguage":"it-IT","@id":"https:\/\/nanda.si\/it\/#\/schema\/logo\/image\/","url":"https:\/\/nanda.si\/wp-content\/uploads\/2022\/07\/logoNANDA-oval_Res.jpg","contentUrl":"https:\/\/nanda.si\/wp-content\/uploads\/2022\/07\/logoNANDA-oval_Res.jpg","width":600,"height":600,"caption":"Ines Drole NANDA"},"image":{"@id":"https:\/\/nanda.si\/it\/#\/schema\/logo\/image\/"}}]}},"_links":{"self":[{"href":"https:\/\/nanda.si\/it\/wp-json\/wp\/v2\/product\/6274","targetHints":{"allow":["GET"]}}],"collection":[{"href":"https:\/\/nanda.si\/it\/wp-json\/wp\/v2\/product"}],"about":[{"href":"https:\/\/nanda.si\/it\/wp-json\/wp\/v2\/types\/product"}],"replies":[{"embeddable":true,"href":"https:\/\/nanda.si\/it\/wp-json\/wp\/v2\/comments?post=6274"}],"wp:featuredmedia":[{"embeddable":true,"href":"https:\/\/nanda.si\/it\/wp-json\/wp\/v2\/media\/5996"}],"wp:attachment":[{"href":"https:\/\/nanda.si\/it\/wp-json\/wp\/v2\/media?parent=6274"}],"wp:term":[{"taxonomy":"product_brand","embeddable":true,"href":"https:\/\/nanda.si\/it\/wp-json\/wp\/v2\/product_brand?post=6274"},{"taxonomy":"product_cat","embeddable":true,"href":"https:\/\/nanda.si\/it\/wp-json\/wp\/v2\/product_cat?post=6274"},{"taxonomy":"product_tag","embeddable":true,"href":"https:\/\/nanda.si\/it\/wp-json\/wp\/v2\/product_tag?post=6274"}],"curies":[{"name":"wp","href":"https:\/\/api.w.org\/{rel}","templated":true}]}}

<p>La gonna a vita alta di tendenza con motivo a quadri nero e verde oliva è una combinazione di jersey di lana e velluto a coste sottili. La vita alta in velluto elasticizzato modella piacevolmente la pancia grazie alle cuciture sul retro. La cintura è rifinita con un cinturino decorativo (sopra e a lato del davanti), che è lo stesso della parte inferiore della gonna. La parte inferiore della gonna è in lana nera e verde oliva a quadri con righe; il materiale è comodamente elasticizzato, leggermente plissettato sul davanti e sul retro e moderatamente svasato a campana. Ha una fodera in viscosa. Lavabile fino a 40 gradi Celsius.     </p>
<p>Un pezzo unico.</p>

<p>La gonna a vita alta di tendenza con motivo a quadri nero e verde oliva è una combinazione di jersey di lana e velluto a coste sottili. La vita alta&hellip;</p>

<!-- This site is optimized with the Yoast SEO plugin v28.3 - https://yoast.com/product/yoast-seo-wordpress/ -->
<title>Gonna a vita alta di tendenza con motivo a quadri nero e verde oliva | Ines Drole Nanda</title>
<meta name="description" content="La gonna a vita alta di tendenza con motivo a quadri nero e verde oliva è lusinghiera e adatta al ventre, mentre la parte inferiore si svasa in un taglio a campana con pieghe moderate." />
<meta name="robots" content="index, follow, max-snippet:-1, max-image-preview:large, max-video-preview:-1" />
<link rel="canonical" href="https://nanda.si/it/prodotto/gonna-a-vita-alta-di-tendenza-con-motivo-a-quadri-nero-e-verde-oliva/" />
<meta property="og:locale" content="it_IT" />
<meta property="og:type" content="article" />
<meta property="og:title" content="Gonna a vita alta di tendenza con motivo a quadri nero e verde oliva | Ines Drole Nanda" />
<meta property="og:description" content="La gonna a vita alta di tendenza con motivo a quadri nero e verde oliva è lusinghiera e adatta al ventre, mentre la parte inferiore si svasa in un taglio a campana con pieghe moderate." />
<meta property="og:url" content="https://nanda.si/it/prodotto/gonna-a-vita-alta-di-tendenza-con-motivo-a-quadri-nero-e-verde-oliva/" />
<meta property="og:site_name" content="Ines Drole Nanda" />
<meta property="og:image" content="https://nanda.si/wp-content/uploads/2024/11/crno-karirasto-krilo-volnen-jersey-R.jpg" />
	<meta property="og:image:width" content="425" />
	<meta property="og:image:height" content="567" />
	<meta property="og:image:type" content="image/jpeg" />
<meta name="twitter:card" content="summary_large_image" />
<meta name="twitter:label1" content="Tempo di lettura stimato" />
	<meta name="twitter:data1" content="1 minuto" />
<script type="application/ld+json" class="yoast-schema-graph">{"@context":"https:\/\/schema.org","@graph":[{"@type":"WebPage","@id":"https:\/\/nanda.si\/it\/prodotto\/gonna-a-vita-alta-di-tendenza-con-motivo-a-quadri-nero-e-verde-oliva\/","url":"https:\/\/nanda.si\/it\/prodotto\/gonna-a-vita-alta-di-tendenza-con-motivo-a-quadri-nero-e-verde-oliva\/","name":"Gonna a vita alta di tendenza con motivo a quadri nero e verde oliva | Ines Drole Nanda","isPartOf":{"@id":"https:\/\/nanda.si\/it\/#website"},"primaryImageOfPage":{"@id":"https:\/\/nanda.si\/it\/prodotto\/gonna-a-vita-alta-di-tendenza-con-motivo-a-quadri-nero-e-verde-oliva\/#primaryimage"},"image":{"@id":"https:\/\/nanda.si\/it\/prodotto\/gonna-a-vita-alta-di-tendenza-con-motivo-a-quadri-nero-e-verde-oliva\/#primaryimage"},"thumbnailUrl":"https:\/\/nanda.si\/wp-content\/uploads\/2024\/11\/crno-karirasto-krilo-volnen-jersey-R.jpg","datePublished":"2024-11-20T09:53:17+00:00","description":"La gonna a vita alta di tendenza con motivo a quadri nero e verde oliva è lusinghiera e adatta al ventre, mentre la parte inferiore si svasa in un taglio a campana con pieghe moderate.","breadcrumb":{"@id":"https:\/\/nanda.si\/it\/prodotto\/gonna-a-vita-alta-di-tendenza-con-motivo-a-quadri-nero-e-verde-oliva\/#breadcrumb"},"inLanguage":"it-IT","potentialAction":[{"@type":"ReadAction","target":["https:\/\/nanda.si\/it\/prodotto\/gonna-a-vita-alta-di-tendenza-con-motivo-a-quadri-nero-e-verde-oliva\/"]}]},{"@type":"ImageObject","inLanguage":"it-IT","@id":"https:\/\/nanda.si\/it\/prodotto\/gonna-a-vita-alta-di-tendenza-con-motivo-a-quadri-nero-e-verde-oliva\/#primaryimage","url":"https:\/\/nanda.si\/wp-content\/uploads\/2024\/11\/crno-karirasto-krilo-volnen-jersey-R.jpg","contentUrl":"https:\/\/nanda.si\/wp-content\/uploads\/2024\/11\/crno-karirasto-krilo-volnen-jersey-R.jpg","width":425,"height":567},{"@type":"BreadcrumbList","@id":"https:\/\/nanda.si\/it\/prodotto\/gonna-a-vita-alta-di-tendenza-con-motivo-a-quadri-nero-e-verde-oliva\/#breadcrumb","itemListElement":[{"@type":"ListItem","position":1,"name":"Home","item":"https:\/\/nanda.si\/it\/casa\/"},{"@type":"ListItem","position":2,"name":"Trgovina","item":"https:\/\/nanda.si\/sl\/trgovina\/"},{"@type":"ListItem","position":3,"name":"Gonna a vita alta di tendenza con motivo a quadri nero e verde oliva"}]},{"@type":"WebSite","@id":"https:\/\/nanda.si\/it\/#website","url":"https:\/\/nanda.si\/it\/","name":"Ines Drole Nanda","description":"Umetelne tekstilne kreacije za edinstven dom in unikatna oblačila.","publisher":{"@id":"https:\/\/nanda.si\/it\/#organization"},"potentialAction":[{"@type":"SearchAction","target":{"@type":"EntryPoint","urlTemplate":"https:\/\/nanda.si\/it\/?s={search_term_string}"},"query-input":{"@type":"PropertyValueSpecification","valueRequired":true,"valueName":"search_term_string"}}],"inLanguage":"it-IT"},{"@type":"Organization","@id":"https:\/\/nanda.si\/it\/#organization","name":"Ines Drole NANDA","url":"https:\/\/nanda.si\/it\/","logo":{"@type":"ImageObject","inLanguage":"it-IT","@id":"https:\/\/nanda.si\/it\/#\/schema\/logo\/image\/","url":"https:\/\/nanda.si\/wp-content\/uploads\/2022\/07\/logoNANDA-oval_Res.jpg","contentUrl":"https:\/\/nanda.si\/wp-content\/uploads\/2022\/07\/logoNANDA-oval_Res.jpg","width":600,"height":600,"caption":"Ines Drole NANDA"},"image":{"@id":"https:\/\/nanda.si\/it\/#\/schema\/logo\/image\/"}}]}</script>
<!-- / Yoast SEO plugin. -->

La gonna a vita alta di tendenza con motivo a quadri nero e verde oliva è lusinghiera e adatta al ventre, mentre la parte inferiore si svasa in un taglio a campana con pieghe moderate.

Umetelne tekstilne kreacije za edinstven dom in unikatna oblačila.
